{"id":16,"date":"2017-10-22T10:31:47","date_gmt":"2017-10-22T10:31:47","guid":{"rendered":"http:\/\/haarwerk-lank.de\/?page_id=16"},"modified":"2018-06-12T09:24:41","modified_gmt":"2018-06-12T09:24:41","slug":"haaarwerk-der-friseur","status":"publish","type":"page","link":"https:\/\/haarwerk-lank.de\/?page_id=16","title":{"rendered":"HAARWERK DER FRISEUR"},"content":{"rendered":"<p>Seit dem 1. September 2015 finden Sie uns am dem Alten Markt im Meerbuscher Ortsteil Lank-Latum. Malerisch gelegen pr\u00e4sentiert sich das Haarwerk geschmackvoll eingerichtet im Mallorquinischen-Style.<\/p>\n<p>Friseur-Meisterin Monika Lenz sind Haare mehr als nur ein Beruf. Es ist eine Passion, eine Berufung und zugleich Motivation und Lifestyle. Hierf\u00fcr steht sie ganz pers\u00f6nlich zu Ihrer Verf\u00fcgung und nimmt sich die Zeit die Sie brauchen. In ruhiger Atmosph\u00e4re, entspannen, sich wohl f\u00fchlen und begeistert sein.<\/p>\n<p>Top modische Schnitte, neueste Str\u00e4hnentechniken und Haarkosmetik die zu Ihnen und Ihrem Haar passen, alles das bietet das Haarwerk.<\/p>\n<p>Friseurexklusive Haarpflegeprodukte von h\u00f6chster Qualit\u00e4t herzustellen, ist nicht genug.\u00a0Paul Mitchell\u00ae m\u00f6chte seinen Beitrag dazu leisten,\u00a0die Welt ein bisschen sch\u00f6ner zu machen. Paul Mitchell\u00ae war das erste Haarkosmetikunternehmen, das sich gegen Tierversuche ausgesprochen hat und die Bem\u00fchungen im karitativen Bereich setzen bis heute den Standard f\u00fcr soziales Engagement in der Branche. Dieses Engagement f\u00fcr die Mitmenschen und Umwelt ist die treibende Kraft hinter allen Aktivit\u00e4ten.<\/p>\n<p>Aus diesem Grund setzt das Haarwerk Prdukte von\u00a0Paul Mitchell\u00ae ein.<\/p>\n<p><img loading=\"lazy\" decoding=\"async\" class=\"alignnone wp-image-216 size-large\" src=\"http:\/\/haarwerk-lank.de\/wp-content\/uploads\/2018\/06\/PMLogo1Blk-1024x121.jpg\" alt=\"\" width=\"525\" height=\"62\" srcset=\"https:\/\/haarwerk-lank.de\/wp-content\/uploads\/2018\/06\/PMLogo1Blk-1024x121.jpg 1024w, https:\/\/haarwerk-lank.de\/wp-content\/uploads\/2018\/06\/PMLogo1Blk-300x35.jpg 300w, https:\/\/haarwerk-lank.de\/wp-content\/uploads\/2018\/06\/PMLogo1Blk-768x91.jpg 768w\" sizes=\"auto, (max-width: 525px) 100vw, 525px\" \/><\/p>\n<p>Wir freuen uns auf Ihren Besuch und beraten Sie gern pers\u00f6nlich &#8211; aus Liebe zum Kunden und Ihrem Haar<\/p>\n<p>&nbsp;<\/p>\n","protected":false},"excerpt":{"rendered":"<p>Seit dem 1. September 2015 finden Sie uns am dem Alten Markt im Meerbuscher Ortsteil Lank-Latum. Malerisch gelegen pr\u00e4sentiert sich das Haarwerk geschmackvoll eingerichtet im Mallorquinischen-Style. Friseur-Meisterin Monika Lenz sind Haare mehr als nur ein Beruf. Es ist eine Passion, eine Berufung und zugleich Motivation und Lifestyle. Hierf\u00fcr steht sie ganz pers\u00f6nlich zu Ihrer Verf\u00fcgung &hellip; <\/p>\n<p class=\"link-more\"><a href=\"https:\/\/haarwerk-lank.de\/?page_id=16\" class=\"more-link\"><span class=\"screen-reader-text\">\u201eHAARWERK DER FRISEUR\u201c<\/span> weiterlesen<\/a><\/p>\n","protected":false},"author":1,"featured_media":0,"parent":0,"menu_order":0,"comment_status":"closed","ping_status":"closed","template":"","meta":{"footnotes":""},"class_list":["post-16","page","type-page","status-publish","hentry"],"_links":{"self":[{"href":"https:\/\/haarwerk-lank.de\/index.php?rest_route=\/wp\/v2\/pages\/16","targetHints":{"allow":["GET"]}}],"collection":[{"href":"https:\/\/haarwerk-lank.de\/index.php?rest_route=\/wp\/v2\/pages"}],"about":[{"href":"https:\/\/haarwerk-lank.de\/index.php?rest_route=\/wp\/v2\/types\/page"}],"author":[{"embeddable":true,"href":"https:\/\/haarwerk-lank.de\/index.php?rest_route=\/wp\/v2\/users\/1"}],"replies":[{"embeddable":true,"href":"https:\/\/haarwerk-lank.de\/index.php?rest_route=%2Fwp%2Fv2%2Fcomments&post=16"}],"version-history":[{"count":9,"href":"https:\/\/haarwerk-lank.de\/index.php?rest_route=\/wp\/v2\/pages\/16\/revisions"}],"predecessor-version":[{"id":218,"href":"https:\/\/haarwerk-lank.de\/index.php?rest_route=\/wp\/v2\/pages\/16\/revisions\/218"}],"wp:attachment":[{"href":"https:\/\/haarwerk-lank.de\/index.php?rest_route=%2Fwp%2Fv2%2Fmedia&parent=16"}],"curies":[{"name":"wp","href":"https:\/\/api.w.org\/{rel}","templated":true}]}}